{"id":479,"date":"2021-12-21T22:02:44","date_gmt":"2021-12-21T22:02:44","guid":{"rendered":"https:\/\/agilehunter.com\/mexico\/?post_type=product&#038;p=479"},"modified":"2022-11-30T17:58:34","modified_gmt":"2022-11-30T17:58:34","slug":"scrum-master-mxn","status":"publish","type":"product","link":"https:\/\/agilehunter.com\/mexico\/product\/scrum-master-mxn\/","title":{"rendered":"Scrum Master MXN"},"content":{"rendered":"<p>El curso online Scrum Master en modalidad Webinar Live (en vivo) de car\u00e1cter oficial es impartido trainers cuentan con m\u00e1s de 11 a\u00f1os de experiencia en marcos de trabajo \u00e1giles y trabajan actualmente aplicando este framework en M\u00e9xico y Estados Unidos. Nuestro objetivo es impulsar el crecimiento del framework Scrum en Latinoam\u00e9rica.<\/p>\n","protected":false},"excerpt":{"rendered":"<p>El curso online Scrum Master en modalidad Webinar Live (en vivo) de car\u00e1cter oficial es impartido trainers cuentan con m\u00e1s de 11 a\u00f1os de experiencia en marcos de trabajo \u00e1giles y trabajan actualmente aplicando este framework en M\u00e9xico y Estados Unidos. Nuestro objetivo es impulsar el crecimiento del framework Scrum en Latinoam\u00e9rica.<\/p>\n","protected":false},"featured_media":480,"template":"","meta":{"_joinchat":[]},"product_brand":[],"product_cat":[17],"product_tag":[],"class_list":{"0":"post-479","1":"product","2":"type-product","3":"status-publish","4":"has-post-thumbnail","6":"product_cat-certificaciones","8":"first","9":"instock","10":"sale","11":"shipping-taxable","12":"purchasable","13":"product-type-simple"},"yoast_head":"<!-- This site is optimized with the Yoast SEO plugin v27.5 - https:\/\/yoast.com\/product\/yoast-seo-wordpress\/ -->\n<title>Scrum Master MXN - Agile Hunter M\u00e9xico<\/title>\n<meta name=\"robots\" content=\"index, follow, max-snippet:-1, max-image-preview:large, max-video-preview:-1\" \/>\n<link rel=\"canonical\" href=\"https:\/\/agilehunter.com\/mexico\/product\/scrum-master-mxn\/\" \/>\n<meta property=\"og:locale\" content=\"es_MX\" \/>\n<meta property=\"og:type\" content=\"article\" \/>\n<meta property=\"og:title\" content=\"Scrum Master MXN - Agile Hunter M\u00e9xico\" \/>\n<meta property=\"og:description\" content=\"El curso online Scrum Master en modalidad Webinar Live (en vivo) de car\u00e1cter oficial es impartido trainers cuentan con m\u00e1s de 11 a\u00f1os de experiencia en marcos de trabajo \u00e1giles y trabajan actualmente aplicando este framework en M\u00e9xico y Estados Unidos. Nuestro objetivo es impulsar el crecimiento del framework Scrum en Latinoam\u00e9rica.\" \/>\n<meta property=\"og:url\" content=\"https:\/\/agilehunter.com\/mexico\/product\/scrum-master-mxn\/\" \/>\n<meta property=\"og:site_name\" content=\"Agile Hunter M\u00e9xico\" \/>\n<meta property=\"article:modified_time\" content=\"2022-11-30T17:58:34+00:00\" \/>\n<meta property=\"og:image\" content=\"https:\/\/agilehunter.com\/mexico\/wp-content\/uploads\/sites\/4\/2021\/12\/Scrum-Master.jpeg\" \/>\n\t<meta property=\"og:image:width\" content=\"2000\" \/>\n\t<meta property=\"og:image:height\" content=\"2000\" \/>\n\t<meta property=\"og:image:type\" content=\"image\/jpeg\" \/>\n<meta name=\"twitter:card\" content=\"summary_large_image\" \/>\n<meta name=\"twitter:label1\" content=\"Tiempo de lectura\" \/>\n\t<meta name=\"twitter:data1\" content=\"1 minuto\" \/>\n<script type=\"application\/ld+json\" class=\"yoast-schema-graph\">{\"@context\":\"https:\\\/\\\/schema.org\",\"@graph\":[{\"@type\":\"WebPage\",\"@id\":\"https:\\\/\\\/agilehunter.com\\\/mexico\\\/product\\\/scrum-master-mxn\\\/\",\"url\":\"https:\\\/\\\/agilehunter.com\\\/mexico\\\/product\\\/scrum-master-mxn\\\/\",\"name\":\"Scrum Master MXN - Agile Hunter M\u00e9xico\",\"isPartOf\":{\"@id\":\"https:\\\/\\\/agilehunter.com\\\/mexico\\\/#website\"},\"primaryImageOfPage\":{\"@id\":\"https:\\\/\\\/agilehunter.com\\\/mexico\\\/product\\\/scrum-master-mxn\\\/#primaryimage\"},\"image\":{\"@id\":\"https:\\\/\\\/agilehunter.com\\\/mexico\\\/product\\\/scrum-master-mxn\\\/#primaryimage\"},\"thumbnailUrl\":\"https:\\\/\\\/agilehunter.com\\\/mexico\\\/wp-content\\\/uploads\\\/sites\\\/4\\\/2021\\\/12\\\/Scrum-Master.jpeg\",\"datePublished\":\"2021-12-21T22:02:44+00:00\",\"dateModified\":\"2022-11-30T17:58:34+00:00\",\"breadcrumb\":{\"@id\":\"https:\\\/\\\/agilehunter.com\\\/mexico\\\/product\\\/scrum-master-mxn\\\/#breadcrumb\"},\"inLanguage\":\"es\",\"potentialAction\":[{\"@type\":\"ReadAction\",\"target\":[\"https:\\\/\\\/agilehunter.com\\\/mexico\\\/product\\\/scrum-master-mxn\\\/\"]}]},{\"@type\":\"ImageObject\",\"inLanguage\":\"es\",\"@id\":\"https:\\\/\\\/agilehunter.com\\\/mexico\\\/product\\\/scrum-master-mxn\\\/#primaryimage\",\"url\":\"https:\\\/\\\/agilehunter.com\\\/mexico\\\/wp-content\\\/uploads\\\/sites\\\/4\\\/2021\\\/12\\\/Scrum-Master.jpeg\",\"contentUrl\":\"https:\\\/\\\/agilehunter.com\\\/mexico\\\/wp-content\\\/uploads\\\/sites\\\/4\\\/2021\\\/12\\\/Scrum-Master.jpeg\",\"width\":2000,\"height\":2000},{\"@type\":\"BreadcrumbList\",\"@id\":\"https:\\\/\\\/agilehunter.com\\\/mexico\\\/product\\\/scrum-master-mxn\\\/#breadcrumb\",\"itemListElement\":[{\"@type\":\"ListItem\",\"position\":1,\"name\":\"Home\",\"item\":\"https:\\\/\\\/agilehunter.com\\\/mexico\\\/\"},{\"@type\":\"ListItem\",\"position\":2,\"name\":\"Shop\",\"item\":\"https:\\\/\\\/agilehunter.com\\\/mexico\\\/\"},{\"@type\":\"ListItem\",\"position\":3,\"name\":\"Scrum Master MXN\"}]},{\"@type\":\"WebSite\",\"@id\":\"https:\\\/\\\/agilehunter.com\\\/mexico\\\/#website\",\"url\":\"https:\\\/\\\/agilehunter.com\\\/mexico\\\/\",\"name\":\"Agile Hunter M\u00e9xico\",\"description\":\"Personas sobre procesos\",\"publisher\":{\"@id\":\"https:\\\/\\\/agilehunter.com\\\/mexico\\\/#organization\"},\"potentialAction\":[{\"@type\":\"SearchAction\",\"target\":{\"@type\":\"EntryPoint\",\"urlTemplate\":\"https:\\\/\\\/agilehunter.com\\\/mexico\\\/?s={search_term_string}\"},\"query-input\":{\"@type\":\"PropertyValueSpecification\",\"valueRequired\":true,\"valueName\":\"search_term_string\"}}],\"inLanguage\":\"es\"},{\"@type\":\"Organization\",\"@id\":\"https:\\\/\\\/agilehunter.com\\\/mexico\\\/#organization\",\"name\":\"Agile Hunter M\u00e9xico\",\"url\":\"https:\\\/\\\/agilehunter.com\\\/mexico\\\/\",\"logo\":{\"@type\":\"ImageObject\",\"inLanguage\":\"es\",\"@id\":\"https:\\\/\\\/agilehunter.com\\\/mexico\\\/#\\\/schema\\\/logo\\\/image\\\/\",\"url\":\"https:\\\/\\\/agilehunter.com\\\/mexico\\\/wp-content\\\/uploads\\\/sites\\\/4\\\/2020\\\/04\\\/cropped-sourcefile-01.png\",\"contentUrl\":\"https:\\\/\\\/agilehunter.com\\\/mexico\\\/wp-content\\\/uploads\\\/sites\\\/4\\\/2020\\\/04\\\/cropped-sourcefile-01.png\",\"width\":2842,\"height\":864,\"caption\":\"Agile Hunter M\u00e9xico\"},\"image\":{\"@id\":\"https:\\\/\\\/agilehunter.com\\\/mexico\\\/#\\\/schema\\\/logo\\\/image\\\/\"}}]}<\/script>\n<!-- \/ Yoast SEO plugin. -->","yoast_head_json":{"title":"Scrum Master MXN - Agile Hunter M\u00e9xico","robots":{"index":"index","follow":"follow","max-snippet":"max-snippet:-1","max-image-preview":"max-image-preview:large","max-video-preview":"max-video-preview:-1"},"canonical":"https:\/\/agilehunter.com\/mexico\/product\/scrum-master-mxn\/","og_locale":"es_MX","og_type":"article","og_title":"Scrum Master MXN - Agile Hunter M\u00e9xico","og_description":"El curso online Scrum Master en modalidad Webinar Live (en vivo) de car\u00e1cter oficial es impartido trainers cuentan con m\u00e1s de 11 a\u00f1os de experiencia en marcos de trabajo \u00e1giles y trabajan actualmente aplicando este framework en M\u00e9xico y Estados Unidos. Nuestro objetivo es impulsar el crecimiento del framework Scrum en Latinoam\u00e9rica.","og_url":"https:\/\/agilehunter.com\/mexico\/product\/scrum-master-mxn\/","og_site_name":"Agile Hunter M\u00e9xico","article_modified_time":"2022-11-30T17:58:34+00:00","og_image":[{"width":2000,"height":2000,"url":"https:\/\/agilehunter.com\/mexico\/wp-content\/uploads\/sites\/4\/2021\/12\/Scrum-Master.jpeg","type":"image\/jpeg"}],"twitter_card":"summary_large_image","twitter_misc":{"Tiempo de lectura":"1 minuto"},"schema":{"@context":"https:\/\/schema.org","@graph":[{"@type":"WebPage","@id":"https:\/\/agilehunter.com\/mexico\/product\/scrum-master-mxn\/","url":"https:\/\/agilehunter.com\/mexico\/product\/scrum-master-mxn\/","name":"Scrum Master MXN - Agile Hunter M\u00e9xico","isPartOf":{"@id":"https:\/\/agilehunter.com\/mexico\/#website"},"primaryImageOfPage":{"@id":"https:\/\/agilehunter.com\/mexico\/product\/scrum-master-mxn\/#primaryimage"},"image":{"@id":"https:\/\/agilehunter.com\/mexico\/product\/scrum-master-mxn\/#primaryimage"},"thumbnailUrl":"https:\/\/agilehunter.com\/mexico\/wp-content\/uploads\/sites\/4\/2021\/12\/Scrum-Master.jpeg","datePublished":"2021-12-21T22:02:44+00:00","dateModified":"2022-11-30T17:58:34+00:00","breadcrumb":{"@id":"https:\/\/agilehunter.com\/mexico\/product\/scrum-master-mxn\/#breadcrumb"},"inLanguage":"es","potentialAction":[{"@type":"ReadAction","target":["https:\/\/agilehunter.com\/mexico\/product\/scrum-master-mxn\/"]}]},{"@type":"ImageObject","inLanguage":"es","@id":"https:\/\/agilehunter.com\/mexico\/product\/scrum-master-mxn\/#primaryimage","url":"https:\/\/agilehunter.com\/mexico\/wp-content\/uploads\/sites\/4\/2021\/12\/Scrum-Master.jpeg","contentUrl":"https:\/\/agilehunter.com\/mexico\/wp-content\/uploads\/sites\/4\/2021\/12\/Scrum-Master.jpeg","width":2000,"height":2000},{"@type":"BreadcrumbList","@id":"https:\/\/agilehunter.com\/mexico\/product\/scrum-master-mxn\/#breadcrumb","itemListElement":[{"@type":"ListItem","position":1,"name":"Home","item":"https:\/\/agilehunter.com\/mexico\/"},{"@type":"ListItem","position":2,"name":"Shop","item":"https:\/\/agilehunter.com\/mexico\/"},{"@type":"ListItem","position":3,"name":"Scrum Master MXN"}]},{"@type":"WebSite","@id":"https:\/\/agilehunter.com\/mexico\/#website","url":"https:\/\/agilehunter.com\/mexico\/","name":"Agile Hunter M\u00e9xico","description":"Personas sobre procesos","publisher":{"@id":"https:\/\/agilehunter.com\/mexico\/#organization"},"potentialAction":[{"@type":"SearchAction","target":{"@type":"EntryPoint","urlTemplate":"https:\/\/agilehunter.com\/mexico\/?s={search_term_string}"},"query-input":{"@type":"PropertyValueSpecification","valueRequired":true,"valueName":"search_term_string"}}],"inLanguage":"es"},{"@type":"Organization","@id":"https:\/\/agilehunter.com\/mexico\/#organization","name":"Agile Hunter M\u00e9xico","url":"https:\/\/agilehunter.com\/mexico\/","logo":{"@type":"ImageObject","inLanguage":"es","@id":"https:\/\/agilehunter.com\/mexico\/#\/schema\/logo\/image\/","url":"https:\/\/agilehunter.com\/mexico\/wp-content\/uploads\/sites\/4\/2020\/04\/cropped-sourcefile-01.png","contentUrl":"https:\/\/agilehunter.com\/mexico\/wp-content\/uploads\/sites\/4\/2020\/04\/cropped-sourcefile-01.png","width":2842,"height":864,"caption":"Agile Hunter M\u00e9xico"},"image":{"@id":"https:\/\/agilehunter.com\/mexico\/#\/schema\/logo\/image\/"}}]}},"_links":{"self":[{"href":"https:\/\/agilehunter.com\/mexico\/wp-json\/wp\/v2\/product\/479","targetHints":{"allow":["GET"]}}],"collection":[{"href":"https:\/\/agilehunter.com\/mexico\/wp-json\/wp\/v2\/product"}],"about":[{"href":"https:\/\/agilehunter.com\/mexico\/wp-json\/wp\/v2\/types\/product"}],"wp:featuredmedia":[{"embeddable":true,"href":"https:\/\/agilehunter.com\/mexico\/wp-json\/wp\/v2\/media\/480"}],"wp:attachment":[{"href":"https:\/\/agilehunter.com\/mexico\/wp-json\/wp\/v2\/media?parent=479"}],"wp:term":[{"taxonomy":"product_brand","embeddable":true,"href":"https:\/\/agilehunter.com\/mexico\/wp-json\/wp\/v2\/product_brand?post=479"},{"taxonomy":"product_cat","embeddable":true,"href":"https:\/\/agilehunter.com\/mexico\/wp-json\/wp\/v2\/product_cat?post=479"},{"taxonomy":"product_tag","embeddable":true,"href":"https:\/\/agilehunter.com\/mexico\/wp-json\/wp\/v2\/product_tag?post=479"}],"curies":[{"name":"wp","href":"https:\/\/api.w.org\/{rel}","templated":true}]}}